91765?
1
What is the thousands digit of 400526239?
6
What is the tens digit of 1953852553?
5
What is the millions digit of 62989435?
2
What is the thousands digit of 119796585?
6
What is the hundred millions digit of 800296673?
8
What is the ten thousands digit of 4844844578?
4
What is the billions digit of 1527602028?
1
What is the units digit of 268253684?
4
What is the tens digit of 254558098?
9
What is the hundred millions digit of 3525709433?
5
What is the ten thousands digit of 211072319?
7
What is the ten millions digit of 2255361140?
5
What is the thousands digit of 7785500?
5
What is the hundred millions digit of 190024497?
1
What is the hundred thousands digit of 1619640573?
6
What is the millions digit of 49103614?
9
What is the hundred thousands digit of 41553843?
5
What is the tens digit of 60521506?
0
What is the thousands digit of 1392166199?
6
What is the ten thousands digit of 245495528?
9
What is the hundred millions digit of 1443007863?
4
What is the ten millions digit of 193138039?
9
What is the hundred thousands digit of 9533839261?
8
What is the ten thousands digit of 5683923?
8
What is the thousands digit of 2396950517?
0
What is the units digit of 163268566?
6
What is the tens digit of 30384650?
5
What is the hundred thousands digit of 46465768?
4
What is the hundreds digit of 10558198?
1
What is the thousands digit of 30300599?
0
What is the millions digit of 258346715?
8
What is the units digit of 639169227?
7
What is the thousands digit of 39924035?
4
What is the thousands digit of 229842415?
2
What is the hundreds digit of 57053225?
2
What is the millions digit of 45996673?
5
What is the millions digit of 254973108?
4
What is the tens digit of 420172985?
8
What is the billions digit of 2108804633?
2
What is the hundreds digit of 396842819?
8
What is the tens digit of 183489170?
7
What is the billions digit of 1208661471?
1
What is the units digit of 283360606?
6
What is the hundreds digit of 29599762?
7
What is the millions digit of 35192906?
5
What is the ten millions digit of 3104394189?
0
What is the millions digit of 45331790?
5
What is the ten thousands digit of 548449067?
4
What is the millions digit of 34651456?
4
What is the tens digit of 25480174?
7
What is the tens digit of 12769045?
4
What is the thousands digit of 162438882?
8
What is the units digit of 44083594?
4
What is the hundred thousands digit of 391759361?
7
What is the hundred thousands digit of 43823148?
8
What is the millions digit of 19722416?
9
What is the units digit of 16472654?
4
What is the thousands digit of 4147498368?
8
What is the hundred thousands digit of 218745691?
7
What is the tens digit of 3862507307?
0
What is the hundreds digit of 104257886?
8
What is the ten millions digit of 864951550?
6
What is the millions digit of 889225091?
9
What is the ten thousands digit of 8008465479?
6
What is the hundred millions digit of 127212215?
1
What is the ten millions digit of 30936103?
3
What is the hundred thousands digit of 3218719699?
7
What is the ten millions digit of 240355868?
4
What is the tens digit of 15312826?
2
What is the tens digit of 287313473?
7
What is the hundreds digit of 14597776?
7
What is the thousands digit of 467188088?
8
What is the ten millions digit of 382492845?
8
What is the thousands digit of 789226141?
6
What is the thousands digit of 547724268?
4
What is the hundred millions digit of 1729562209?
7
What is the hundred millions digit of 125026722?
1
What is the ten thousands digit of 610440584?
4
What is the millions digit of 306012470?
6
What is the tens digit of 2631072855?
5
What is the hundred thousands digit of 1443253210?
2
What is the ten thousands digit of 56573190?
7
What is the units digit of 1463460203?
3
What is the millions digit of 313544654?
3
What is the units digit of 140134338?
8
What is the ten thousands digit of 1225459190?
5
What is the ten thousands digit of 30410735?
1
What is the billions digit of 3407589497?
3
What is the hundred millions digit of 4936609385?
9
What is the hundred millions digit of 1155906557?
1
What is the thousands digit of 58519926?
9
What is the hundred millions digit of 298956365?
2
What is the ten thousands digit of 56447393?
4
What is the hundreds digit of 14798206?
2
What is the tens digit of 563664565?
6
What is the ten thousands digit of 204346485?
4
What is the ten thousands digit of 33380935?
8
What is the thousands digit of 492571569?
1
What is the millions digit of 10808409?
0
What is the hundreds digit of 240468599?
5
What is the tens digit of 161454221?
2
What is the units digit of 2384725806?
6
What is the ten thousands digit of 548705216?
0
What is the tens digit of 155657610?
1
What is the tens digit of 16046472?
7
What is the thousands digit of 141791135?
1
What is the billions digit of 3295076570?
3
What is the thousands digit of 40791370?
1
What is the hundred thousands digit of 54204567?
2
What is the hundreds digit of 33937160?
1
What is the thousands digit of 61226485?
6
What is the hundreds digit of 63987117?
1
What is the units digit of 860919306?
6
What is the ten millions digit of 133326728?
3
What is the units digit of 425916054?
4
What is the ten millions digit of 4515435792?
1
What is the millions digit of 30303888?
0
What is the hundreds digit of 118900581?
5
What is the hundred thousands digit of 215594107?
5
What is the ten millions digit of 3489814114?
8
What is the tens digit of 997956621?
2
What is the ten millions digit of 176417572?
7
What is the hundred thousands digit of 158280943?
2
What is the thousands digit of 498256766?
6
What is the thousands digit of 368886608?
6
What is the ten thousands digit of 3907983432?
8
What is the millions digit of 2741478713?
1
What is the hundred millions digit of 206102695?
2
What is the ten millions digit of 44532160?
4
What is the hundreds digit of 926341543?
5
What is the hundred millions digit of 556224441?
5
What is the thousands digit of 198398447?
8
What is the millions digit of 5476829723?
6
What is the millions digit of 637941566?
7
What is the ten millions digit of 1842433100?
4
What is the millions digit of 339992455?
9
What is the hundred thousands digit of 20547667?
5
What is the hundred thousands digit of 188323356?
3
What is the millions digit of 100820185?
0
What is the billions digit of 5811682730?
5
What is the ten thousands digit of 941735518?
3
What is the tens digit of 1375260116?
1
What is the ten millions digit of 1272812389?
7
What is the hundred thousands digit of 6809116?
8
What is the hundred millions digit of 1448849335?
4
What is the tens digit of 14282565?
6
What is the hundred thousands digit of 276453112?
4
What is the hundreds digit of 775004182?
1
What is the hundreds digit of 158511202?
2
What is the hundred millions digit of 531895693?
5
What is the tens digit of 58250110?
1
What is the thousands digit of 100455336?
5
What is the thousands digit of 146912739?
2
What is the tens digit of 374911465?
6
What is the millions digit of 5346315195?
6
What is the units digit of 2512082053?
3
What is the hundreds digit of 68106504?
5
What is the tens digit of 31547527?
2
What is the millions digit of 27816269?
7
What is the ten millions digit of 259193860?
5
What is the hundred thousands digit of 273985627?
9
What is the millions digit of 332856367?
2
What is the ten thousands digit of 769231859?
3
What is the ten thousands digit of 291402346?
0
What is the billions digit of 1528647868?
1
What is the millions digit of 64470716?
4
What is the hundred millions digit of 681213508?
6
What is the ten millions digit of 33269827?
3
What is the thousands digit of 4453382875?
2
What is the hundred millions digit of 253519244?
2
What is the hundred thousands digit of 3879445486?
4
What is the hundreds digit of 153413892?
8
What is the hundreds digit of 996124763?
7
What is the thousands digit of 41826008?
6
What is the ten millions digit of 544138376?
4
What is the millions digit of 26591586?
6
What is the hundreds digit of 3376681766?
7
What is the tens digit of 1303822698?
9
What is the thousands digit of 373169704?
9
What is the tens digit of 278545051?
5
What is the hundreds digit of 139867813?
8
What is the millions digit of 72597934?
2
What is the ten thousands dig